, what is 8722 - 14?
8708
In base 10, what is -4 - -130971?
130967
In base 13, what is -1395 + 13?
-1382
In base 4, what is -101 - 10203?
-10310
In base 4, what is 111312110 - 102?
111312002
In base 12, what is 53732 - 3?
5372b
In base 16, what is c5 + -66?
5f
In base 8, what is -6 + 5705?
5677
In base 7, what is -13352 + -6?
-13361
In base 16, what is 1 - -1af4?
1af5
In base 4, what is 3133311 - 1?
3133310
In base 12, what is -800 - -6?
-7b6
In base 15, what is 8 + -61eb6?
-61ead
In base 7, what is -11 + -141233?
-141244
In base 14, what is -6b184 + -2?
-6b186
In base 4, what is 101133 + 101222?
203021
In base 9, what is -1 - -335?
334
In base 16, what is aa0 + 55?
af5
In base 11, what is 0 + -50032?
-50032
In base 6, what is -3 + -35413?
-35420
In base 4, what is -100033311 - 2?
-100033313
In base 6, what is -13511 - -24?
-13443
In base 5, what is 2 + 410002?
410004
In base 7, what is 15464316 - 1?
15464315
In base 12, what is 741 + 194?
915
In base 7, what is -4 - 120002?
-120006
In base 8, what is 165132 - -3?
165135
In base 14, what is -2 - -d7cb?
d7c9
In base 2, what is -1010001110101001 - -100?
-1010001110100101
In base 13, what is -17 - 84c?
-866
In base 6, what is 5203313 - -2?
5203315
In base 7, what is -25 + -403322?
-403350
In base 12, what is 187413 - 8?
187407
In base 2, what is -1000100 - -11101011100111?
11101010100011
In base 13, what is 121 - -207?
328
In base 10, what is -1540 - 240?
-1780
In base 7, what is 14446 + -51?
14365
In base 7, what is -2266161 + 1?
-2266160
In base 4, what is 2233001 - -101?
2233102
In base 15, what is -4 - 848d?
-8492
In base 4, what is -123323100 + 3?
-123323031
In base 15, what is -4 - -d91b?
d917
In base 9, what is -28 - 354?
-383
In base 4, what is 113203221 - -323?
113210210
In base 5, what is 242400 - -142?
243042
In base 2, what is -1010010010 - -10011110001?
1001011111
In base 3, what is -1010111 + -11200?
-1022011
In base 14, what is -3 - 30221?
-30224
In base 4, what is 222 + 12122313?
12123201
In base 3, what is -110 - -220110102?
220102222
In base 3, what is 20221 + -222212?
-201221
In base 12, what is 3554 + 9?
3561
In base 9, what is 60172 - 5?
60166
In base 6, what is -13 - -144505?
144452
In base 9, what is -276 + 368?
82
In base 3, what is 10 + 21001102?
21001112
In base 10, what is 137482 + 1?
137483
In base 16, what is d4 + -43b?
-367
In base 14, what is 4b359 + 6?
4b361
In base 14, what is -127c6 - 0?
-127c6
In base 5, what is -2 - 324231?
-324233
In base 2, what is 100111110111111 + -1101101?
100111101010010
In base 15, what is 1 - 1d35?
-1d34
In base 9, what is 2 - -58845?
58847
In base 2, what is 10 - 10100001101000110011?
-10100001101000110001
In base 7, what is 2 - 3114?
-3112
In base 9, what is -183 + 10?
-173
In base 12, what is -4a6 - 3a0?
-886
In base 9, what is 355342 + 3?
355345
In base 11, what is -179392 + -1?
-179393
In base 2, what is -100111101000 + -11111?
-101000000111
In base 15, what is -b - -9c2?
9b6
In base 11, what is -59852 + -2?
-59854
In base 15, what is d - 57d3?
-57c5
In base 16, what is 2e - 843?
-815
In base 12, what is -135 + -aa0?
-1015
In base 16, what is 4 - 35246?
-35242
In base 12, what is -2500 - 21?
-2521
In base 13, what is 54 - -c9?
150
In base 7, what is 45 + 12455?
12533
In base 2, what is 1010010100 - -11000000?
1101010100
In base 11, what is 3006 - 8?
2aa9
In base 11, what is aa1 + -26?
a76
In base 3, what is -2112 - -1021011?
1011122
In base 8, what is 32060503 - -2?
32060505
In base 3, what is 11 - -1110121001?
1110121012
In base 2, what is -10 + 10100101000011011?
10100101000011001
In base 8, what is -4 - -45172?
45166
In base 4, what is 31123200 + -11?
31123123
In base 13, what is -2764b + 5?
-27646
In base 15, what is 630c + 6?
6313
In base 3, what is 12 - -1002101?
1002120
In base 16, what is -1 - 974?
-975
In base 4, what is 33311211222 - 0?
33311211222
In base 5, what is -10 + 3040030?
3040020
In base 5, what is -1302 + -12033?
-13340
In base 8, what is -5 + 137022?
137015
In base 14, what is -72 + -6540?
-65b2
In base 9, what is -1 + -18405?
-18406
In base 2, what is -11110 + -10100000?
-10111110
In base 16, what is 1c - -1a06a?
1a086
In base 12, what is -110bb - -2a?
-11091
In base 12, what is 988 - 49?
93b
In base 15, what is -2 - 2717?
-2719
In base 13, what is -9 - 2117c?
-21188
In base 6, what is 442 - -3115?
4001
In base 11, what is 25 + 1663?
1688
In base 12, what is -7 + -781a3?
-781aa
In base 15, what is -1506dd + 5?
-1506d8
In base 6, what is -25 + 25035?
25010
In base 9, what is -6458 + 4?
-6454
In base 5, what is -2 + 2300421?
2300414
In base 9, what is -17471 - 4?
-17475
In base 3, what is 110112112 - 122?
110111220
In base 11, what is -a809 - -4?
-a805
In base 13, what is -143 + -84?
-1c7
In base 14, what is -1285 + -3?
-1288
In base 7, what is 616 + 201?
1120
In base 9, what is -6877 - -263?
-6614
In base 10, what is -388 - 1?
-389
In base 4, what is 22 - 2002131?
-2002103
In base 11, what is 2 + -425236?
-425234
In base 2, what is -10 - 10111011000101?
-10111011000111
In base 12, what is -62b01 - 3?
-62b04
In base 7, what is 62 - -30102?
30164
In base 6, what is 40304 + -3?
40301
In base 5, what is 0 + -42324110?
-42324110
In base 4, what is -1121 + -120330?
-122111
In base 15, what is 6 - 24d3?
-24cc
In base 13, what is -6ba - -15b?
-55c
In base 11, what is -63 - 881?
-934
In base 16, what is 6ea - 686?
64
In base 8, what is 1 - -472?
473
In base 4, what is 1 - 103322031?
-103322030
In base 9, what is 482 + -53?
428
In base 10, what is 3 - -53330?
53333
In base 10, what is -77 + -585?
-662
In base 3, what is -1001021122 + 100?
-1001021022
In base 3, what is 10002022 - 11?
10002011
In base 12, what is -31 - -5976?
5945
In base 14, what is 4 + 17533?
17537
In base 9, what is -32044 - 153?
-32207
In base 10, what is 44893 - -3?
44896
In base 13, what is -20 - -59c69?
59c49
In base 13, what is 85 + -2294?
-220c
In base 9, what is -331 - 526?
-857
In base 8, what is -330 - -17?
-311
In base 2, what is 11000100 + 111010110?
1010011010
In base 2, what is -11101001111110 - -101?
-11101001111001
In base 14, what is -3 + -1494?
-1497
In base 5, what is -4203 + -324?
-10032
In base 12, what is -5 - -3abb2?
3aba9
In base 12, what is -3 + -14201a?
-142021
In base 12, what is -664 + 10?
-654
In base 4, what is -11 - 300222203?
-300222220
In base 14, what is -1b335 - 5?
-1b33a
In base 14, what is 85812 + 4?
85816
In base 10, what is -198599 - 2?
-198601
In base 5, what is 410230 + 42?
410322
In base 11, what is 71 - 336?
-275
In base 5, what is 112 + 124103?
124220
In base 11, what is -8293 - -11?
-8282
In base 12, what is -113213 - -9?
-113206
In base 7, what is 1231 + 300?
1531
In base 12, what is -32 - 918?
-94a
In base 5, what is 112003322 - 0?
112003322
In base 16, what is 2549 - 11b?
242e
In base 3, what is 111001 - -20020020?
20201021
In base 12, what is -39 - -554a?
5511
In base 10, what is -151 - 4034?
-4185
In base 4, what is -131112 + 32?
-131020
In base 7, what is -4440 + 356?
-4051
In base 3, what is -11012 - 2222001?
-10010020
In base 12, what is 1 + -6073a?
-60739
In base 9, what is 15 - 8288?
-8273
In base 7, what is -55402 + 15?
-55354
In base 6, what is 142105 + -5?
142100
In base 11, what is -4 - 17571a?
-175723
In base 2, what is -10111 + 100100011011?
100100000100
In base 12, what is -21400 + -3?
-21403
In base 12, what is -3 - b423?
-b426
In base 15, what is 4 + -a9b48?
-a9b44
In base 13, what is 79357 - 3?
79354
In base 14, what is 5 + -41dd?
-41d8
In base 11, what is -12 - 29490?
-294a2
In base 9, what is 24 - 4550?
-4525
In base 5, what is 2301032 - -1?
2301033
In base 14, what is -4a2 + -101?
-5a3
In base 12, what is -a58a - 39?
-a607
In base 12, what is 553aa - -11?
553bb
In base 2, what is -1010111000 - 110001?
-1011101001
In base 3, what is 11011112 - -21221?
11110110
In base 15, what is -17 + -dd6?
-ded
In base 9, what is -131 + -430?
-561
In base 3, what is -10122 - -101012?
20120
In base 8, what is 4 - -207276?
207302
In base 11, what is -31 + -2197?
-2218
In base 6, what is 104551000 + -1?
104550555
In base 5, what is -3411 + 31?
-3330
In base 5, what is 4 - 21134433?
-21134424
In base 11, what is 187 - -600?
787
In base 9, what is -2878 + -625?
-3614
In base 3, what is -201 + -1022112